530641 a composite number?
False
Is 2791007 a composite number?
False
Is 11720617 composite?
False
Is 20129023 a composite number?
False
Is 220441349 a composite number?
True
Is 13939511 prime?
True
Is 499706 a prime number?
False
Is 621397 prime?
False
Is 327966811 prime?
True
Is 634429 prime?
False
Is 58657759 prime?
True
Is 36780959 prime?
False
Is 6200939 a composite number?
False
Is 21289949 a prime number?
True
Is 26344726 a prime number?
False
Is 6834263 composite?
False
Is 8132653 composite?
False
Is 1942961 a prime number?
True
Is 700871 a composite number?
False
Is 104947 prime?
True
Is 60313213 a prime number?
True
Is 14264689 a prime number?
False
Is 76841879 a prime number?
True
Is 7867837 prime?
True
Is 17674607 a prime number?
True
Is 16171685 prime?
False
Is 5125187 composite?
False
Is 25260473 a prime number?
False
Is 48871789 prime?
True
Is 1048501 a prime number?
False
Is 153149869 prime?
True
Is 1090097 composite?
False
Is 1330853 a composite number?
True
Is 3396773 a prime number?
False
Is 2539133 prime?
False
Is 229987 prime?
False
Is 188747 composite?
True
Is 285996793 prime?
False
Is 79688289 a composite number?
True
Is 101333459 prime?
True
Is 1728317 a composite number?
False
Is 242791 a composite number?
True
Is 3770561 a composite number?
True
Is 2053117 a prime number?
False
Is 39252833 a prime number?
True
Is 471628219 prime?
True
Is 1759727 a composite number?
True
Is 32457167 composite?
False
Is 4840051 a composite number?
True
Is 1135249 prime?
False
Is 8638319 a prime number?
True
Is 31043029 prime?
False
Is 998175527 prime?
False
Is 55693753 a prime number?
True
Is 3748223 composite?
True
Is 169338049 prime?
True
Is 37077043 prime?
True
Is 5087101 composite?
True
Is 31711259 a composite number?
False
Is 41280751 a prime number?
True
Is 3600019 prime?
False
Is 6032111 a composite number?
False
Is 152483167 prime?
True
Is 300061 composite?
True
Is 324293 composite?
False
Is 77328887 a composite number?
False
Is 67658093 prime?
False
Is 16465327 prime?
True
Is 4679287 prime?
True
Is 10291618 composite?
True
Is 2248699 a prime number?
True
Is 39437261 prime?
True
Is 192110753 a prime number?
True
Is 11937283 a prime number?
False
Is 1190663 prime?
False
Is 8031671 prime?
True
Is 75828161 a prime number?
True
Is 22820263 a composite number?
True
Is 4736909 a prime number?
False
Is 3940291 a prime number?
False
Is 622939 composite?
True
Is 27671753 composite?
True
Is 59459513 a composite number?
False
Is 3440543 composite?
False
Is 1703881 a composite number?
True
Is 698317 a composite number?
True
Is 256673 a prime number?
False
Is 40468741 a composite number?
False
Is 6327097 prime?
False
Is 17135971 composite?
True
Is 34446719 composite?
False
Is 4111799 prime?
False
Is 28325107 a prime number?
True
Is 42699691 composite?
True
Is 13545227 composite?
False
Is 1744957 composite?
True
Is 2935207 a prime number?
False
Is 1114241 a composite number?
False
Is 411311 prime?
True
Is 7309529 prime?
True
Is 25149847 a composite number?
False
Is 87521 composite?
True
Is 163724531 prime?
True
Is 13245077 a prime number?
True
Is 323705861 a prime number?
False
Is 59563641 a prime number?
False
Is 20983811 prime?
False
Is 20121919 a composite number?
False
Is 41401061 a composite number?
True
Is 166286023 a prime number?
True
Is 198026107 a prime number?
True
Is 26674729 composite?
False
Is 37797791 a prime number?
False
Is 1444477 a prime number?
True
Is 1764379 composite?
True
Is 61792957 a prime number?
True
Is 536891 a composite number?
False
Is 95063 a composite number?
False
Is 749587 prime?
True
Is 84419747 prime?
True
Is 12339361 prime?
False
Is 56892265 a prime number?
False
Is 391693597 a prime number?
True
Is 25842097 a composite number?
True
Is 9082013 composite?
True
Is 40134697 a composite number?
True
Is 102175529 a composite number?
False
Is 89773 a prime number?
False
Is 342629 a composite number?
True
Is 23974567 prime?
True
Is 12609469 a prime number?
False
Is 316843 a prime number?
False
Is 13169333 prime?
True
Is 62188411 composite?
False
Is 1055081 a composite number?
True
Is 22935427 composite?
False
Is 20411707 composite?
False
Is 2372871 composite?
True
Is 7052809 composite?
False
Is 52681159 a prime number?
False
Is 105641 composite?
True
Is 2900099 composite?
False
Is 320306647 a composite number?
True
Is 93996973 a prime number?
False
Is 1064223203 a prime number?
True
Is 32367721 prime?
True
Is 110579977 prime?
True
Is 7230071 prime?
True
Is 3968387 prime?
True
Is 8739667 a composite number?
False
Is 220057 composite?
False
Is 4858991 a prime number?
False
Is 30733661 composite?
True
Is 22045411 a composite number?
True
Is 32276851 a composite number?
False
Is 15979559 prime?
True
Is 565633 composite?
True
Is 745231 a prime number?
True
Is 6068693 a prime number?
True
Is 48564077 a prime number?
True
Is 72988889 a composite number?
False
Is 200827633 composite?
True
Is 75498257 composite?
True
Is 198451 a prime number?
False
Is 11540293 composite?
False
Is 14278109 composite?
True
Is 660103585 a prime number?
False
Is 4652281 a prime number?
False
Is 212955935 a prime number?
False
Is 293354857 a prime number?
False
Is 3928603 composite?
True
Is 3339029 composite?
False
Is 6859309 prime?
True
Is 61309 a composite number?
True
Is 1698231 composite?
True
Is 35961703 composite?
True
Is 741967 a composite number?
False
Is 1601581 composite?
True
Is 502097 prime?
False
Is 43914517 a prime number?
True
Is 168293 prime?
True
Is 284457 prime?
False
Is 557953 a composite number?
True
Is 4742011 a composite number?
False
Is 82796497 a prime number?
False
Is 176192921 a prime number?
False
Is 23474587 prime?
True
Is 54915499 composite?
True
Is 5522261 prime?
True
Is 6266657 a composite number?
False
Is 2622853 a prime number?
False
Is 12589613 composite?
True
Is 979991 composite?
True
Is 3071279 a composite number?
False
Is 28355903 composite?
True
Is 16515133 prime?
True
Is 186349 a prime number?
False
Is 10860809 composite?
False
Is 4810307 prime?
True
Is 458745299 a prime number?
True
Is 16080187 a composite number?
False
Is 102293491 composite?
False
Is 14139781 composite?
True
Is 23723939 composite?
False
Is 185246471 a composite number?
False
Is 18639839 composite?
False
Is 90858046 prime?
False
Is 23279869 composite?
False
Is 4278773 composite?
False
Is 78806971 a composite number?
True
Is 787783 composite?
False
Is 131951 composite?
True
Is 10482997 a composite number?
True
Is 197491517 a composite number?
True
Is 205595779 prime?
False
Is 6941273 a composite number?
True
Is 69513817 a prime number?
True
Is 550859 a composite number?
False
Is 30403013 composite?
False
Is 2476011 a prime number?
False
Is 19175521 composite?
False
Is 27979777 a composite number?
True
Is 380417 a composite number?
False
Is 86845933 a prime number?
False
Is 7782149 a composite number?
True
Is 33342919 a composite number?
False
Is 7427 composite?
True
Is 555739 prime?
True
Is 706411 a prime number?
False
Is 69452057 a composite number?
False
Is 120185837 a composite number?
False
Is 187685917 composite?
False
Is 1188701 prime?
False
Is 1645123 a prime number?
True
Is 40148278 a prime number?
False
Is 5857693 a composite number?
True
Is 7200187 prime?
True
Is 131431 a prime number?
True
Is 108316877 prime?
False
Is 73543147 composite?
False
Is 34539691 a prime number?
False
Is 23944099 a prime number?
False
Is 133968643 a composite number?
True
Is 150583 prime?
True
Is 22057519 composite?
True
Is 62428469 prime?
False
Is 247789643 a prime number?
False
Is 423851 a prime number?
False
Is 44318831 a composite number?
True
Is 365835941 composite?
False
Is 3250789 prime?
True
Is 20809787 prime?
False
Is 6667337 a composite number?
False
Is 2178143 prime?
False
Is 59906831 a prime number?
False
Is 2288002 a prime number?
False
Is 642652051 prime?
True
Is 528561609 a composite number?
True
Is 15416851 prime?
False
Is 91591853 a composite number?
False
Is 42469613 a composite number?
False
Is 28069907 prime?
False
Is 250169 prime?
True
Is 8314771 composite?
False
Is 30021347 a composite number?
False
Is 11971253 prime?
False
Is 4653721 composite?
True
Is 12911851 a composite number?
False
Is 129531803 a composite number?
Fal